{"id":356,"date":"2023-08-01T10:10:10","date_gmt":"2023-08-01T08:10:10","guid":{"rendered":"http:\/\/perpetumenergia.pl\/?page_id=356"},"modified":"2023-08-31T15:49:16","modified_gmt":"2023-08-31T13:49:16","slug":"gwarancja-i-serwis","status":"publish","type":"page","link":"http:\/\/perpetumenergia.pl\/index.php\/gwarancja-i-serwis\/","title":{"rendered":"Gwarancja i serwis"},"content":{"rendered":"<p>[et_pb_section fb_built=&#8221;1&#8243; _builder_version=&#8221;4.21.0&#8243; _module_preset=&#8221;default&#8221; background_color=&#8221;#102a62&#8243; background_image=&#8221;http:\/\/perpetumenergia.pl\/wp-content\/uploads\/2023\/08\/slajd-gwarancja2.jpg&#8221; background_position=&#8221;center_right&#8221; background_blend=&#8221;multiply&#8221; bottom_divider_height=&#8221;10px&#8221; global_colors_info=&#8221;{}&#8221;][et_pb_row _builder_version=&#8221;4.21.0&#8243; _module_preset=&#8221;default&#8221; custom_padding=&#8221;||20px||false|false&#8221; global_colors_info=&#8221;{}&#8221;][et_pb_column type=&#8221;4_4&#8243; _builder_version=&#8221;4.21.0&#8243; _module_preset=&#8221;default&#8221; global_colors_info=&#8221;{}&#8221;][et_pb_text _builder_version=&#8221;4.21.0&#8243; _module_preset=&#8221;default&#8221; header_font=&#8221;|||on||||#FF6600|&#8221; header_text_color=&#8221;#FFFFFF&#8221; header_font_size=&#8221;40px&#8221; global_colors_info=&#8221;{}&#8221;]<\/p>\n<h1>Gwarancja i\u00a0<span style=\"color: #ff6600;\">serwis<\/span><\/h1>\n<p>[\/et_pb_text][\/et_pb_column][\/et_pb_row][\/et_pb_section][et_pb_section fb_built=&#8221;1&#8243; _builder_version=&#8221;4.21.0&#8243; _module_preset=&#8221;default&#8221; global_colors_info=&#8221;{}&#8221;][et_pb_row _builder_version=&#8221;4.21.0&#8243; _module_preset=&#8221;default&#8221; global_colors_info=&#8221;{}&#8221;][et_pb_column type=&#8221;4_4&#8243; _builder_version=&#8221;4.21.0&#8243; _module_preset=&#8221;default&#8221; global_colors_info=&#8221;{}&#8221;][et_pb_text _builder_version=&#8221;4.22.1&#8243; _module_preset=&#8221;default&#8221; header_2_text_color=&#8221;#FF6600&#8243; hover_enabled=&#8221;0&#8243; sticky_enabled=&#8221;0&#8243;]<\/p>\n<h2>Gwarancja<\/h2>\n<p>[\/et_pb_text][et_pb_text _builder_version=&#8221;4.22.1&#8243; _module_preset=&#8221;default&#8221; text_font=&#8221;|300|||||||&#8221; hover_enabled=&#8221;0&#8243; global_colors_info=&#8221;{}&#8221; sticky_enabled=&#8221;0&#8243; text_orientation_last_edited=&#8221;on|phone&#8221; text_orientation=&#8221;justified&#8221; text_orientation_tablet=&#8221;justified&#8221; text_orientation_phone=&#8221;left&#8221;]<\/p>\n<p>Perpetum Energia Sp. z o.o. udziela trzy letni\u0105 gwarancj\u0119 dla ka\u017cdej inwestycji OZE, kt\u00f3r\u0105 zrealizuje, jak r\u00f3wnie\u017c \u015bwiadczy us\u0142ugi serwisowe, przegl\u0105dy i naprawy pogwarancyjne.<span class=\"Apple-converted-space\">\u00a0<\/span><\/p>\n<p>Wszystkie urz\u0105dzenia wyprodukowane zar\u00f3wno przez producent\u00f3w hiszpa\u0144skich, czeskich, polskich i z innych pa\u0144stw, posiadaj\u0105 stosowne dopuszczenia i \u015bwiadectwa na rynek polski. Cz\u0119\u015b\u0107 urz\u0105dze\u0144 np. panele posiadaj\u0105 10-letnia gwarancj\u0119 od producenta. Ponadto aby uzyska\u0107 koncesje URE, kt\u00f3ra jest niezb\u0119dna do u\u017cytkowania instalacji elektroenergetycznych, urz\u0105dzenia wbudowane nie mog\u0105 by\u0107 produkcji \u201estarszej\u201d ni\u017c wymagaj\u0105 tego przepisy.<\/p>\n<p>[\/et_pb_text][et_pb_text _builder_version=&#8221;4.22.1&#8243; _module_preset=&#8221;default&#8221; header_2_text_color=&#8221;#FF6600&#8243; hover_enabled=&#8221;0&#8243; sticky_enabled=&#8221;0&#8243;]<\/p>\n<h2>Serwis<\/h2>\n<p>[\/et_pb_text][et_pb_text _builder_version=&#8221;4.22.1&#8243; _module_preset=&#8221;default&#8221; text_font=&#8221;|300|||||||&#8221; hover_enabled=&#8221;0&#8243; global_colors_info=&#8221;{}&#8221; sticky_enabled=&#8221;0&#8243; text_orientation_last_edited=&#8221;on|phone&#8221; text_orientation=&#8221;justified&#8221; text_orientation_tablet=&#8221;justified&#8221; text_orientation_phone=&#8221;left&#8221;]<\/p>\n<p>W\u015br\u00f3d kadry Perpetum Energia Sp z o.o. i os\u00f3b wsp\u00f3\u0142pracuj\u0105cych, znajduj\u0105 si\u0119 zar\u00f3wno urbani\u015bci, in\u017cynierowie ochrony \u015brodowiska, projektanci, kierownicy bud\u00f3w posiadaj\u0105cy uprawnienia budowlane zar\u00f3wno architektoniczne, sanitarne, elektryczne jak i konstrukcyjne. Ekipy monta\u017cowe posiadaj\u0105 ponadto uprawnienia energetyczne typu SEP do obs\u0142ugi oraz wykonywania prac i czynno\u015bci \u0142\u0105czeniowych na stacjach elektroenergetycznych, \u015bwiadectwa<span class=\"Apple-converted-space\">\u00a0 <\/span>kwalifikacyjne uprawniaj\u0105ce do zajmowania si\u0119 eksploatacj\u0105 urz\u0105dze\u0144, instalacji i sieci na stanowisku eksploatacji,<span class=\"Apple-converted-space\">\u00a0 <\/span>\u015bwiadectwa<span class=\"Apple-converted-space\">\u00a0 <\/span>kwalifikacyjne eksploatacyjne i dozorowe w zakresie obs\u0142ugi, konserwacji, remont\u00f3w, monta\u017cu oraz w zakresie kontrolno-pomiarowym jak r\u00f3wnie\u017c specjalistyczne szkolenia okresowe wymagane i przeprowadzane przez operator\u00f3w sieci energetycznych: Tauron Dystrybucja S.A. Energa Operator S.A, Enea Operator S.A. i<span class=\"Apple-converted-space\">\u00a0 <\/span>PGE Dystrybucja S. A. Ponadto ekipy monta\u017cowe i serwisowe przechodz\u0105 systematyczne szkolenia u producenta turbin wiatrowych i tracker\u00f3w w zakresie monta\u017cu, eksploatacji i serwisowania turbin wiatrowych i tracer\u00f3w.<span class=\"Apple-converted-space\">\u00a0<\/span><\/p>\n<p>Ostatnim etapem ka\u017cdej inwestycji jest etap eksploatacji elektrowni lub biogazowni<span class=\"Apple-converted-space\">\u00a0 <\/span>Perpetum Energia. Na tym etapie \u015bwiadczymy us\u0142ugi zwi\u0105zane z serwisem gwarancyjnym, pogwarancyjnym jak r\u00f3wnie\u017c prowadzimy ksi\u0105\u017ck\u0119 obiektu budowlanego. Nasi in\u017cynierowie wpisani s\u0105 do instrukcji wsp\u00f3\u0142pracy ruchowej, kt\u00f3ra wymagana jest przepisami prawa dla eksploatacji ka\u017cdej inwestycji elektroenergetycznej. Dla turbin wiatrowych polecamy wyspecjalizowane ekipy serwisowe wpisane do centralnego rejestru prowadzonego przez Urz\u0105d Dozoru Technicznego.<span class=\"Apple-converted-space\">\u00a0<\/span><\/p>\n<p>Nasi serwisanci i ekipy monta\u017cowe posiadaj\u0105 ponadto uprawnienia energetyczne typu SEP do obs\u0142ugi oraz wykonywania prac i czynno\u015bci \u0142\u0105czeniowych na stacjach elektroenergetycznych, \u015bwiadectwa<span class=\"Apple-converted-space\">\u00a0 <\/span>kwalifikacyjne uprawniaj\u0105ce do zajmowania si\u0119 eksploatacj\u0105 urz\u0105dze\u0144, instalacji i sieci na stanowisku eksploatacji,<span class=\"Apple-converted-space\">\u00a0 <\/span>\u015bwiadectwa<span class=\"Apple-converted-space\">\u00a0 <\/span>kwalifikacyjne eksploatacyjne i dozorowe w zakresie obs\u0142ugi, konserwacji, remont\u00f3w, monta\u017cu oraz w zakresie kontrolno-pomiarowym jak r\u00f3wnie\u017c specjalistyczne szkolenia okresowe wymagane i przeprowadzane przez operator\u00f3w sieci energetycznych: Tauron Dystrybucja S.A. Energa Operator S.A, Enea Operator S.A. i<span class=\"Apple-converted-space\">\u00a0 <\/span>PGE Dystrybucja S. A.<\/p>\n<p>Uprawnienia energetyczne typu SEP, kt\u00f3re posiadaj\u0105 nasi serwisanci i in\u017cynierowie, pozwalaj\u0105 nam na: serwisowanie instalacji OZE, naprawy zar\u00f3wno gwarancyjne jak i pogwarancyjne oraz na przeprowadzanie corocznych wymagane prawem przegl\u0105d\u00f3w okresowych.<span class=\"Apple-converted-space\">\u00a0<\/span><\/p>\n<p>[\/et_pb_text][\/et_pb_column][\/et_pb_row][\/et_pb_section]<\/p>\n","protected":false},"excerpt":{"rendered":"<p>Gwarancja i\u00a0serwisGwarancjaPerpetum Energia Sp. z o.o. udziela trzy letni\u0105 gwarancj\u0119 dla ka\u017cdej inwestycji OZE, kt\u00f3r\u0105 zrealizuje, jak r\u00f3wnie\u017c \u015bwiadczy us\u0142ugi serwisowe, przegl\u0105dy i naprawy pogwarancyjne.\u00a0 Wszystkie urz\u0105dzenia wyprodukowane zar\u00f3wno przez producent\u00f3w hiszpa\u0144skich, czeskich, polskich i z innych pa\u0144stw, posiadaj\u0105 stosowne dopuszczenia i \u015bwiadectwa na rynek polski. Cz\u0119\u015b\u0107 urz\u0105dze\u0144 np. panele posiadaj\u0105 10-letnia gwarancj\u0119 od producenta. [&hellip;]<\/p>\n","protected":false},"author":1,"featured_media":0,"parent":0,"menu_order":0,"comment_status":"closed","ping_status":"closed","template":"","meta":{"_et_pb_use_builder":"on","_et_pb_old_content":"","_et_gb_content_width":"","footnotes":""},"class_list":["post-356","page","type-page","status-publish","hentry"],"_links":{"self":[{"href":"http:\/\/perpetumenergia.pl\/index.php\/wp-json\/wp\/v2\/pages\/356","targetHints":{"allow":["GET"]}}],"collection":[{"href":"http:\/\/perpetumenergia.pl\/index.php\/wp-json\/wp\/v2\/pages"}],"about":[{"href":"http:\/\/perpetumenergia.pl\/index.php\/wp-json\/wp\/v2\/types\/page"}],"author":[{"embeddable":true,"href":"http:\/\/perpetumenergia.pl\/index.php\/wp-json\/wp\/v2\/users\/1"}],"replies":[{"embeddable":true,"href":"http:\/\/perpetumenergia.pl\/index.php\/wp-json\/wp\/v2\/comments?post=356"}],"version-history":[{"count":6,"href":"http:\/\/perpetumenergia.pl\/index.php\/wp-json\/wp\/v2\/pages\/356\/revisions"}],"predecessor-version":[{"id":690,"href":"http:\/\/perpetumenergia.pl\/index.php\/wp-json\/wp\/v2\/pages\/356\/revisions\/690"}],"wp:attachment":[{"href":"http:\/\/perpetumenergia.pl\/index.php\/wp-json\/wp\/v2\/media?parent=356"}],"curies":[{"name":"wp","href":"https:\/\/api.w.org\/{rel}","templated":true}]}}